{"id":79,"date":"2018-05-22T15:45:38","date_gmt":"2018-05-22T15:45:38","guid":{"rendered":"http:\/\/amaravia.net\/?page_id=79"},"modified":"2020-10-12T16:16:05","modified_gmt":"2020-10-12T16:16:05","slug":"impressum","status":"publish","type":"page","link":"https:\/\/amaravia.net\/?page_id=79","title":{"rendered":"Impressum"},"content":{"rendered":"<p>Verantwortlich nach \u00a7 5 TMG und \u00a7 55 RStV.<br \/>\namaravia GmbH<br \/>\nVertreten durch Reinhold Gutmann<br \/>\nMozartstra\u00dfe 2b<br \/>\n88662 \u00dcberlingen<\/p>\n<p>T +49 7551 9444744<\/p>\n<p>E-Mail: reinhold.gutmann@amaravia.net<br \/>\nWeb: amaravia.net<\/p>\n<p>Registergericht: Amtsgericht Freiburg i.Br.<br \/>\nRegisternummer: HRB 715820<br \/>\nUmsatzsteuer-ID gem\u00e4\u00df \u00a7 27a USTG: 87001\/16167 ID 00200<\/p>\n<p>Inhaltlich Verantwortlicher gem\u00e4\u00df \u00a7 10 Absatz 3 MDStV: Reinhold Gutmann<\/p>\n<p><strong>Haftungsausschluss (Disclaimer)<\/strong><\/p>\n<p><strong>Inhalt des Onlineangebotes<\/strong><\/p>\n<p>Jegliche Inhalte unseres Webangebotes wurden und werden mit \u00e4u\u00dferster Sorgfalt \u00fcberpr\u00fcft und erstellt.\u00a0 Die amaravia GmbH \u00fcbernimmt jedoch keinerlei Gew\u00e4hr f\u00fcr die Aktualit\u00e4t, Korrektheit, Vollst\u00e4ndigkeit oder Qualit\u00e4t der bereitgestellten Informationen. Haftungsanspr\u00fcche gegen die amaravia GmbH, welche sich auf Sch\u00e4den materieller oder ideeller Art beziehen, die durch die Nutzung oder Nichtnutzung der dargebotenen Informationen bzw. durch die Nutzung fehlerhafter und unvollst\u00e4ndiger Informationen verursacht wurden sind grunds\u00e4tzlich ausgeschlossen, sofern seitens der amaravia GmbH kein nachweislich vors\u00e4tzliches oder grob fahrl\u00e4ssiges Verschulden vorliegt.<br data-rich-text-line-break=\"true\" \/>Alle Angebote sind freibleibend und unverbindlich. Die amaravia GmbH beh\u00e4lt es sich ausdr\u00fccklich vor, Teile der Seiten oder das gesamte Angebot ohne gesonderte Ank\u00fcndigung zu ver\u00e4ndern, zu erg\u00e4nzen, zu l\u00f6schen oder die Ver\u00f6ffentlichung zeitweise oder endg\u00fcltig einzustellen.<\/p>\n<p><strong>Verweise und Links<\/strong><\/p>\n<p>Bei direkten oder indirekten Verweisen auf fremde Internetseiten (&#8222;Links&#8220;), die au\u00dferhalb des Verantwortungsbereiches der amaravia GmbH liegen, w\u00fcrde eine Haftungsverpflichtung ausschlie\u00dflich in dem Fall in Kraft treten, in dem die amaravia GmbH von den rechtswidrigen Inhalten Kenntnis hat und es ihm technisch m\u00f6glich und zumutbar w\u00e4re, die Nutzung im Falle rechtswidriger Inhalte zu verhindern.<\/p>\n<p>Die amaravia GmbH erkl\u00e4rt hiermit ausdr\u00fccklich, dass zum Zeitpunkt der Linksetzung keine illegalen Inhalte auf den zu verlinkenden Seiten erkennbar waren. Eine fortw\u00e4hrende inhaltliche Kontrolle der verlinkten Seiten ist jedoch ohne konkrete Anhaltspunkte einer Rechtsverletzung nicht m\u00f6glich. Bei Bekanntwerden von Rechtsverletzungen durch die Inhalte der verlinkten Seiten werden derartige Links umgehend entfernt. Auf die aktuelle und zuk\u00fcnftige Gestaltung, die Inhalte oder die Urheberschaft der gelinkten\/verkn\u00fcpften Seiten hat die amaravia GmbH keinerlei Einfluss. Deshalb distanziert sie sich hiermit ausdr\u00fccklich von allen Inhalten aller gelinkten\/verkn\u00fcpften Seiten, die nach der Linksetzung ver\u00e4ndert wurden. Diese Feststellung gilt f\u00fcr alle innerhalb des eigenen Internetangebotes gesetzten Links und Verweise sowie f\u00fcr Fremdeintr\u00e4ge in von der amaravia GmbH eingerichteten G\u00e4steb\u00fcchern, Diskussionsforen und Mailinglisten. F\u00fcr illegale, fehlerhafte oder unvollst\u00e4ndige Inhalte und insbesondere f\u00fcr Sch\u00e4den, die aus der Nutzung oder Nichtnutzung solcherart dargebotener Informationen entstehen, haftet allein der Anbieter der Seite, auf welche verwiesen wurde, nicht derjenige, der \u00fcber Links auf die jeweilige Ver\u00f6ffentlichung lediglich verweist.<\/p>\n<p><strong>Urheberrecht- und Kennzeichenrecht<\/strong><\/p>\n<p>Die amaravia GmbH ist bestrebt, in allen Publikationen die Urheberrechte der verwendeten Grafiken, Tondokumente, Videosequenzen und Texte zu beachten, von ihm selbst erstellte Grafiken, Tondokumente, Videosequenzen und Texte zu nutzen oder auf lizenzfreie Grafiken, Tondokumente, Videosequenzen und Texte zur\u00fcckzugreifen.Soweit die verwendeten Inhalte auf diesem Webangebot nicht von der amaravia GmbH selbst erstellt wurden oder es sich um lizenzfreie Materialien handelt, werden die Urheberrechte Dritter beachtet. Insbesondere werden Inhalte Dritter hinreichend gekennzeichnet. Sollte uns trotzdem ein Urheberrechtsversto\u00df gemeldet werden oder Sie uns auf einen solchen hinweisen, werden wir derartige Inhalte umgehend entfernen.<\/p>\n<p>Alle innerhalb des Internetangebotes genannten und ggf. durch Dritte gesch\u00fctzten Marken- und Warenzeichen unterliegen uneingeschr\u00e4nkt den Bestimmungen des jeweils g\u00fcltigen Kennzeichenrechts und den Besitzrechten der jeweiligen eingetragenen Eigent\u00fcmer. Allein aufgrund der blo\u00dfen Nennung ist nicht der Schluss zu ziehen, dass Markenzeichen nicht durch Rechte Dritter gesch\u00fctzt sind!<\/p>\n<p>Das Copyright f\u00fcr ver\u00f6ffentlichte, von der amaravia GmbH selbst erstellte Objekte bleibt allein bei der amaravia GmbH. Eine Vervielf\u00e4ltigung oder Verwendung solcher Grafiken, Tondokumente, Videosequenzen und Texte in anderen elektronischen oder gedruckten Publikationen ist ohne ausdr\u00fcckliche Zustimmung der amaravia GmbH nicht gestattet.<\/p>\n<p><strong>Datenschutz<\/strong><\/p>\n<p>Sofern innerhalb des Internetangebotes die M\u00f6glichkeit zur Eingabe pers\u00f6nlicher oder gesch\u00e4ftlicher Daten (E-Mail-Adressen, Namen, Anschriften) besteht, so erfolgt die Preisgabe dieser Daten seitens des Nutzers auf ausdr\u00fccklich freiwilliger Basis. Die Inanspruchnahme und Bezahlung aller angebotenen Dienste ist &#8211; soweit technisch m\u00f6glich und zumutbar &#8211; auch ohne Angabe solcher Daten bzw. unter Angabe anonymisierter Daten oder eines Pseudonyms gestattet.<\/p>\n<p><strong>Rechtswirksamkeit dieses Haftungsausschlusses<\/strong><\/p>\n<p>Dieser Haftungsausschluss ist als Teil des Internetangebotes zu betrachten, von dem aus auf diese Seite verwiesen wurde. Sofern Teile oder einzelne Formulierungen dieses Textes der geltenden Rechtslage nicht, nicht mehr oder nicht vollst\u00e4ndig entsprechen sollten, bleiben die \u00fcbrigen Teile des Dokumentes in ihrem Inhalt und ihrer G\u00fcltigkeit davon unber\u00fchrt.<\/p>\n<p>Der vorliegende Haftungssauschlusstext basiert auf dem kostenlosen Dienst von\u00a0<a href=\"http:\/\/www.disclaimer.de\/\" target=\"_blank\" rel=\"noreferrer noopener\">http:\/\/www.disclaimer.de<\/a><\/p>\n","protected":false},"excerpt":{"rendered":"<p>Verantwortlich nach \u00a7 5 TMG und \u00a7 55 RStV. amaravia GmbH Vertreten durch Reinhold Gutmann Mozartstra\u00dfe 2b 88662 \u00dcberlingen T +49 7551 9444744 E-Mail: reinhold.gutmann@amaravia.net Web: amaravia.net Registergericht:&hellip;<\/p>\n","protected":false},"author":1,"featured_media":0,"parent":41,"menu_order":0,"comment_status":"closed","ping_status":"closed","template":"","meta":{"_coblocks_attr":"","_coblocks_dimensions":"","_coblocks_responsive_height":"","_coblocks_accordion_ie_support":"","footnotes":""},"class_list":["post-79","page","type-page","status-publish","hentry"],"_links":{"self":[{"href":"https:\/\/amaravia.net\/index.php?rest_route=\/wp\/v2\/pages\/79","targetHints":{"allow":["GET"]}}],"collection":[{"href":"https:\/\/amaravia.net\/index.php?rest_route=\/wp\/v2\/pages"}],"about":[{"href":"https:\/\/amaravia.net\/index.php?rest_route=\/wp\/v2\/types\/page"}],"author":[{"embeddable":true,"href":"https:\/\/amaravia.net\/index.php?rest_route=\/wp\/v2\/users\/1"}],"replies":[{"embeddable":true,"href":"https:\/\/amaravia.net\/index.php?rest_route=%2Fwp%2Fv2%2Fcomments&post=79"}],"version-history":[{"count":9,"href":"https:\/\/amaravia.net\/index.php?rest_route=\/wp\/v2\/pages\/79\/revisions"}],"predecessor-version":[{"id":732,"href":"https:\/\/amaravia.net\/index.php?rest_route=\/wp\/v2\/pages\/79\/revisions\/732"}],"up":[{"embeddable":true,"href":"https:\/\/amaravia.net\/index.php?rest_route=\/wp\/v2\/pages\/41"}],"wp:attachment":[{"href":"https:\/\/amaravia.net\/index.php?rest_route=%2Fwp%2Fv2%2Fmedia&parent=79"}],"curies":[{"name":"wp","href":"https:\/\/api.w.org\/{rel}","templated":true}]}}