{"id":41,"date":"2018-05-22T11:31:51","date_gmt":"2018-05-22T11:31:51","guid":{"rendered":"http:\/\/amaravia.net\/?page_id=41"},"modified":"2021-04-06T12:56:15","modified_gmt":"2021-04-06T12:56:15","slug":"leitung","status":"publish","type":"page","link":"https:\/\/amaravia.net\/?page_id=41","title":{"rendered":"Leitung"},"content":{"rendered":"\n<div class=\"wp-block-media-text alignwide is-stacked-on-mobile is-vertically-aligned-top\"><figure class=\"wp-block-media-text__media\"><img loading=\"lazy\" decoding=\"async\" width=\"1024\" height=\"683\" src=\"http:\/\/amaravia.net\/wp-content\/uploads\/2018\/06\/RGutmann2-1024x683.jpg\" alt=\"\" class=\"wp-image-222 size-full\" srcset=\"https:\/\/amaravia.net\/wp-content\/uploads\/2018\/06\/RGutmann2-1024x683.jpg 1024w, https:\/\/amaravia.net\/wp-content\/uploads\/2018\/06\/RGutmann2-300x200.jpg 300w, https:\/\/amaravia.net\/wp-content\/uploads\/2018\/06\/RGutmann2-768x512.jpg 768w, https:\/\/amaravia.net\/wp-content\/uploads\/2018\/06\/RGutmann2-272x182.jpg 272w, https:\/\/amaravia.net\/wp-content\/uploads\/2018\/06\/RGutmann2.jpg 1200w\" sizes=\"auto, (max-width: 1024px) 100vw, 1024px\" \/><\/figure><div class=\"wp-block-media-text__content\">\n<p class=\"has-large-font-size\">Reinhold Gutmann<br>Gesch\u00e4ftsf\u00fchrer<\/p>\n\n\n\n<p class=\"has-text-align-left has-small-font-size\">Als Gr\u00fcnder und gesch\u00e4ftsf\u00fchrender Gesellschafter ist Reinhold Gutmann die treibende Kraft hinter amaravia. Mit seiner Energie rei\u00dft er alles und jeden mit. Menschen, Projekte und Vorhaben. Seine Erfolge in der F\u00fchrung von Unternehmen sprechen B\u00e4nde. So hat er aus der lokalen GHS in Berlin&nbsp;Vitanas geformt, einen der gr\u00f6\u00dften Betreiber von Senioreneinrichtungen, Kliniken und heilp\u00e4dagogischen Heimen in Deutschland. Reinhold Gutmann ist begehrter Partner von politischen Entscheidern, Investoren, Planern und Bautr\u00e4gern, die seine Expertise sch\u00e4tzen und nutzen.<\/p>\n<\/div><\/div>\n\n\n\n<p><\/p>\n","protected":false},"excerpt":{"rendered":"<p>Reinhold GutmannGesch\u00e4ftsf\u00fchrer Als Gr\u00fcnder und gesch\u00e4ftsf\u00fchrender Gesellschafter ist Reinhold Gutmann die treibende Kraft hinter amaravia. Mit seiner Energie rei\u00dft er alles und jeden mit. Menschen, Projekte und Vorhaben.&hellip;<\/p>\n","protected":false},"author":1,"featured_media":0,"parent":0,"menu_order":0,"comment_status":"closed","ping_status":"closed","template":"template-full-width.php","meta":{"_coblocks_attr":"","_coblocks_dimensions":"","_coblocks_responsive_height":"","_coblocks_accordion_ie_support":"","footnotes":""},"class_list":["post-41","page","type-page","status-publish","hentry"],"_links":{"self":[{"href":"https:\/\/amaravia.net\/index.php?rest_route=\/wp\/v2\/pages\/41","targetHints":{"allow":["GET"]}}],"collection":[{"href":"https:\/\/amaravia.net\/index.php?rest_route=\/wp\/v2\/pages"}],"about":[{"href":"https:\/\/amaravia.net\/index.php?rest_route=\/wp\/v2\/types\/page"}],"author":[{"embeddable":true,"href":"https:\/\/amaravia.net\/index.php?rest_route=\/wp\/v2\/users\/1"}],"replies":[{"embeddable":true,"href":"https:\/\/amaravia.net\/index.php?rest_route=%2Fwp%2Fv2%2Fcomments&post=41"}],"version-history":[{"count":60,"href":"https:\/\/amaravia.net\/index.php?rest_route=\/wp\/v2\/pages\/41\/revisions"}],"predecessor-version":[{"id":1021,"href":"https:\/\/amaravia.net\/index.php?rest_route=\/wp\/v2\/pages\/41\/revisions\/1021"}],"wp:attachment":[{"href":"https:\/\/amaravia.net\/index.php?rest_route=%2Fwp%2Fv2%2Fmedia&parent=41"}],"curies":[{"name":"wp","href":"https:\/\/api.w.org\/{rel}","templated":true}]}}